607 - 23 = 0, -5*f - j = -579. What is the remainder when f is divided by 24?
20
Let k(j) = 4*j**2 - 6*j + 3. Let i be k(4). Suppose -4*x = -3*x - i. Suppose -4*z = -3*h - 34 - 38, 0 = 3*h + 12. What is the remainder when x is divided by z?
13
Suppose 0 = 4*d - 5*r - 42, -5*d - 2*r + 30 = 3*r. Suppose l = -3*w + 20, -4*l + 4*w + 64 = -32. What is the remainder when l is divided by d?
7
Suppose 6*t - 4*t - 42 = 0. What is the remainder when t is divided by 12?
9
Suppose 2*x = -4*s + 80, -s - 46 = 2*x - 3*x. What is the remainder when x is divided by 12?
8
Suppose -c - 1 = -15. Calculate the remainder when ((-2)/(-1) + -1)*27 is divided by c.
13
Let r(d) = -2*d - 16. What is the remainder when 11 is divided by r(-11)?
5
Let g(j) = -j**2 - 5*j + 1. Let v be g(-6). Calculate the remainder when 18 is divided by -2 + 4 + v/(-1).
4
Suppose 0*r - 9 = -r. What is the remainder when 16 is divided by r?
7
Suppose 7 + 14 = -3*t. Let k(q) = q**2 + 6*q - 1. Calculate the remainder when 16 is divided by k(t).
4
Suppose 2*i - 4*i + 32 = 0. Calculate the remainder when 45 is divided by i.
13
Let q(m) = -m**3 + 3 + m**3 - 2*m + 8*m**2 + 0*m**2 + m**3. What is the remainder when q(-8) is divided by 7?
5
Let o(v) = v**2 + 4*v - 18. Calculate the remainder when 83 is divided by o(6).
41
Let s(u) = -10*u + 1. Let y(g) = -6*g - 55. Calculate the remainder when s(-3) is divided by y(-11).
9
Suppose -2 = -2*c - 0. Suppose 4*j - 22 = 5*k, j - 5*j = -3*k - 26. Calculate the remainder when j is divided by (c - 0)/(1/5).
3
Suppose -1 - 5 = -2*g. Suppose -g*v = -2*v - 3. Calculate the remainder when -2*(-4 - 4/(-2)) is divided by v.
1
Suppose -3*z = -0*z - 5*g - 214, -5*z + 338 = g. Suppose 4*r = -0*p - p + 63, -4*r + 4*p + z = 0. What is the remainder when r is divided by 6?
4
Let l(r) = 4*r**2 - 3*r + 2. Suppose -3*w = -8*w + 25. Calculate the remainder when l(2) is divided by w/2*56/20.
5
Suppose -x + 0 + 1 = 0. Suppose -g - 10 = 3*a, -47*g + 5*a + 30 = -42*g. Calculate the remainder when g is divided by x.
0
Suppose 3 = 4*u - 5*v + 10*v, 0 = 2*u - v - 19. What is the remainder when 17 is divided by u?
3
Let x(g) = 12*g + 5. Let d be x(-4). Let b be 482/6 - (-6)/(-18). Let a = b + d. What is the remainder when a is divided by 13?
11
Calculate the remainder when 89 is divided by (1 - 0) + 70/(9 - 4).
14
Suppose -2*l + c - 2 = -4*l, 0 = c + 2. Let d = -4 - -2. What is the remainder when (-4)/((-5 - d) + 1) is divided by l?
0
Suppose -3 = -5*i + 4*i. Calculate the remainder when 9 is divided by i.
0
Suppose v - 5*v + 40 = 0. Let u = 21 + -2. Calculate the remainder when u is divided by v.
9
Suppose 4*k - 3*k = 5. Calculate the remainder when k is divided by -1 + 7 + (-15)/5.
2
Let x(h) = h**3 + 6*h**2 + 6*h + 3. Suppose -y - y - 8 = 0. What is the remainder when x(y) is divided by 4?
3
What is the remainder when 10 is divided by -5 + (8 + -3 - -5)?
0
Let m(i) = i**2 - 2*i + 1. Let f be (-8)/12 - 38/(-3). Suppose -21 + 6 = -3*c, 0 = s - 3*c + f. Calculate the remainder when m(3) is divided by s.
1
Let c = 118 + -111. Calculate the remainder when 10 is divided by c.
3
Let k = 2 - -2. Suppose -8*v + 9 = k*s - 3*v, 4*s - 2 = 2*v. Let a = s - -17. What is the remainder when a is divided by 10?
8
Suppose 4*f + 31 = -65. Let n = f + 17. Let w = 26 + n. What is the remainder when 56 is divided by w?
18
What is the remainder when 16*5 - (-9 - -6) is divided by 21?
20
Let x(c) be the third derivative of -c**5/60 - 11*c**4/24 + 11*c**3/6 + 8*c**2. Calculate the remainder when 32 is divided by x(-11).
10
Let u(v) = v**2 - 2*v + 1. Let x be u(2). Let m be 1/3 + (-4)/(-6). What is the remainder when x + (1 - m) + 29 is divided by 11?
8
Let y = -13 - -18. Let q = 26 - 12. Let r = q + -11. Calculate the remainder when y is divided by r.
2
Suppose o = 10 - 5. What is the remainder when 13 is divided by o?
3
Calculate the remainder when (-6)/4*-1 - 35/(-2) is divided by 1/(-1) + 0 + 8.
5
Let a(o) = o**3 - 2*o**2 - 3*o + 3. Suppose -2*t + 24 = -2*v, 2*t + 2*v - 5*v - 28 = 0. Suppose -2*p - 2 = -t. What is the remainder when a(p) is divided by 2?
1
What is the remainder when 44 is divided by ((-12)/(-6))/(2 - 46/24)?
20
What is the remainder when 46 is divided by (-69)/(-9) + 4/12?
6
Calculate the remainder when 15 is divided by 45/6*72/60.
6
Suppose -5*k - 190 = 4*q, 4*q + 7 = -13. Let s = k + 83. What is the remainder when s is divided by 26?
23
Let g = -4 - -10. Suppose 3*d = g*d - 12. Suppose 0 = -4*c + 5*x + 245, d*c + 5*x - 145 = 2*c. Calculate the remainder when c is divided by 22.
21
Let d(t) = t + 14. Let b be d(-7). Let j = b + -11. What is the remainder when j/(-6)*3*23 is divided by 12?
10
Let s(j) = j - 12. Let t be s(6). Let n be t*(1 - 2) - 1. Suppose -5*k - 2*h = -95, -n*h + 0*h - 60 = -5*k. What is the remainder when 50 is divided by k?
16
What is the remainder when 16 is divided by 6/(-10)*90/(-6)?
7
Let a = 34 - 31. Let k = 25 - 17. What is the remainder when k is divided by a?
2
Let v(x) = 2*x**2 + 2*x + 3. What is the remainder when 18 is divided by v(-2)?
4
Suppose 5*v + 36 = 2*p, 0*v = 2*p - v - 20. Let c = -2 + 4. Calculate the remainder when (-28)/c*(0 - 1) is divided by p.
6
Suppose 32*o = 34*o - 84. What is the remainder when 122 is divided by o?
38
Let o(l) = -l**3 + 3*l**2 - 2. Let i be o(2). Suppose 2*q = 3*r - 38, -i*r - 4*q = 2 - 6. Let z(s) = s + 1. What is the remainder when r is divided by z(3)?
2
What is the remainder when 16 is divided by (-77)/44*(-3 - 1)?
2
Let o = 17 - 11. Suppose o*k = 5*k + 12. What is the remainder when 23 is divided by k?
11
Suppose -s - 58 = -69. Suppose 15 = 5*z - b, -7 = -2*z + 2*b + 7. Suppose t + 20 = z*t. Calculate the remainder when t is divided by s.
9
Suppose 4*y + 37 = 5*t, -2 = -t + 2*y + 9. Calculate the remainder when 13 is divided by t.
3
Let c(x) = x**3 + 9*x**2 + 8*x + 5. Calculate the remainder when c(-6) is divided by 14.
9
Suppose -g + 15 = -0*c + 3*c, 0 = 2*g - c - 9. Suppose g*q - 5 = q. Calculate the remainder when 1 is divided by q.
0
Let m = -25 + 35. Suppose 7*j = 4*j - 3. Calculate the remainder when m is divided by 3*2*j/(-1).
4
Suppose -m + 6 + 3 = 0. Suppose 3*s = m + 24. What is the remainder when 32 is divided by s?
10
Suppose -94 = -u - 89. Calculate the remainder when 28 is divided by u.
3
Let o(l) = l**3 - l**2 - l + 2. Let g be o(0). Suppose -g*q - 3*q = -45. What is the remainder when 24 is divided by q?
6
Let c(l) = l - 6. What is the remainder when 37 is divided by c(16)?
7
Calculate the remainder when 24 is divided by (2 + -4)/(((-8)/(-22))/(-2)).
2
Suppose 5*k - 5*o = 50, 2*k - 43 = -2*k + 5*o. Let q be (-2)/(-6) - 56/6. Calculate the remainder when k is divided by 5 + 3*6/q.
1
Let u(w) = w**2 - 7*w - 4. Let q be u(8). Suppose q*v = 3*h - 94, 3*h - 4*h - 5*v = -63. Calculate the remainder when h is divided by 8.
6
Let u = -7 + 26. Calculate the remainder when u is divided by (-8)/(-20) + (-33)/(-5).
5
Suppose -11*g + 10*g - 3*d = -12, 66 = 4*g + 3*d. Calculate the remainder when g is divided by 7.
4
Let p(x) = -x**3 - 19*x**2 + 10*x - 101. What is the remainder when p(-20) is divided by 17?
14
Let p be 60/4 - (1 - -2). Let j(g) = -g**3 + 13*g**2 - 6*g - 17. What is the remainder when j(p) is divided by 28?
27
Suppose -10*g - 26 = -406. Calculate the remainder when 378 is divided by g.
36
Calculate the remainder when (-1 + 3)/(6/9) is divided by 2.
1
Suppose 12 = 2*l + d - 0, 4*d - 8 = 0. Suppose -2*c + 9 = 2*u - 35, -2*u = -l*c - 23. What is the remainder when u is divided by 7*(2 + -1 - 0)?
5
Suppose -4*a - a = -30. Calculate the remainder when 10 is divided by a.
4
Suppose -3*k + 40 - 16 = 0. Calculate the remainder when k is divided by 5.
3
Let z be (-2)/4 - (-14)/4. Suppose -5*q = -2*y - y - 10, -z*q - 5*y + 6 = 0. Let r = 3 + q. Calculate the remainder when 13 is divided by r.
3
Let i(k) = -k**2 + 6*k + 2. Suppose 0 = p - 2 - 14. Suppose 5*r - 2*r - 2*y = 1, -y + p = 4*r. Calculate the remainder when 20 is divided by i(r).
9
Let z = -1 + -25. Let f(v) = -v**2 - 10*v. What is the remainder when f(-5) is divided by z*(5/2)/(-5)?
12
Let f(o) = -o**2 + 14*o - 10. Let x be (12 - (-2 + -1)) + -3. What is the remainder when 25 is divided by f(x)?
11
Let w = 14 + -4. What is the remainder wh